{"id":496,"date":"2015-10-15T14:50:55","date_gmt":"2015-10-15T14:50:55","guid":{"rendered":"http:\/\/wpoffice\/construction\/?page_id=9"},"modified":"2016-10-25T16:40:38","modified_gmt":"2016-10-25T14:40:38","slug":"fotobuch-abenteuer-angeln","status":"publish","type":"page","link":"http:\/\/www.abenteuerangeln.at\/wordpress\/angelkurse-2\/fotobuch-abenteuer-angeln\/","title":{"rendered":"Fotobuch Abenteuer Angeln"},"content":{"rendered":"<div id='av_section_1'  class='avia-section av-av_section-43fa913dbbd7170bb5693496c11aa38b main_color avia-section-large avia-no-border-styling  avia-builder-el-0  el_before_av_textblock  avia-builder-el-first  avia-bg-style-scroll container_wrap fullsize'  ><div class='container av-section-cont-open' ><main  role=\"main\" itemprop=\"mainContentOfPage\"  class='template-page content  av-content-full alpha units'><div class='post-entry post-entry-type-page post-entry-496'><div class='entry-content-wrapper clearfix'>\n\n<style type=\"text\/css\" data-created_by=\"avia_inline_auto\" id=\"style-css-av-av_heading-9270ad79ac35486b280c5d1bd1207c63\">\n#top .av-special-heading.av-av_heading-9270ad79ac35486b280c5d1bd1207c63{\npadding-bottom:0;\n}\nbody .av-special-heading.av-av_heading-9270ad79ac35486b280c5d1bd1207c63 .av-special-heading-tag .heading-char{\nfont-size:25px;\n}\n.av-special-heading.av-av_heading-9270ad79ac35486b280c5d1bd1207c63 .av-subheading{\nfont-size:15px;\n}\n<\/style>\n<div  class='av-special-heading av-av_heading-9270ad79ac35486b280c5d1bd1207c63 av-special-heading-h2 blockquote modern-quote modern-centered  avia-builder-el-1  el_before_av_textblock  avia-builder-el-first '><h2 class='av-special-heading-tag '  itemprop=\"headline\"  >Fotobuch 2016<\/h2><div class=\"special-heading-border\"><div class=\"special-heading-inner-border\"><\/div><\/div><\/div>\n<section  class='av_textblock_section av-av_textblock-0366cc7376be6c9e82a3e9cc8987b64f '   itemscope=\"itemscope\" itemtype=\"https:\/\/schema.org\/CreativeWork\" ><div class='avia_textblock'  itemprop=\"text\" ><p>Das Fotobuch \u201eAbenteuer Angeln 2016\u201c sch\u00f6ne Tage beim Camp in der S\u00fcdsteiermark. Eine gro\u00dfartige Erinnerung individuell gestaltet im hochwertigem Fotobuch von My Photobook.at festgehalten.\u00a0Auf 200 Seiten sind alle Camper und das geschehen in der Camp Woche mit sch\u00f6nen Fotos festgehalten. Kois, kapitale Karpfen, das Bootsrennen, Fu\u00dfball, Spiel und Spa\u00df das alles ist im Fotobuch nachzuschauen. Du kannst es jederzeit aus dem Regal ziehen, immer wieder neues entdecken und deine Erlebnisse mit Freunden teilen.<\/p>\n<\/div><\/section>\n\n<style type=\"text\/css\" data-created_by=\"avia_inline_auto\" id=\"style-css-av-av_one_full-8689a516d0b57538320262ec833685ba\">\n.flex_column.av-av_one_full-8689a516d0b57538320262ec833685ba{\nborder-radius:0px 0px 0px 0px;\npadding:0px 0px 0px 0px;\n}\n<\/style>\n<div  class='flex_column av-av_one_full-8689a516d0b57538320262ec833685ba av_one_full  avia-builder-el-3  el_after_av_textblock  avia-builder-el-last  first flex_column_div  column-top-margin'     ><section  class='av_textblock_section av-av_textblock-0366cc7376be6c9e82a3e9cc8987b64f '   itemscope=\"itemscope\" itemtype=\"https:\/\/schema.org\/CreativeWork\" ><div class='avia_textblock'  itemprop=\"text\" ><p style=\"text-align: center;\">[responsive-flipbook id=&#8220;fotobuch_2016&#8243;]<\/p>\n<\/div><\/section><\/div><\/div><\/div><\/main><!-- close content main element --><\/div><\/div><div id='after_section_1'  class='main_color av_default_container_wrap container_wrap fullsize'  ><div class='container av-section-cont-open' ><div class='template-page content  av-content-full alpha units'><div class='post-entry post-entry-type-page post-entry-496'><div class='entry-content-wrapper clearfix'><section  class='av_textblock_section av-av_textblock-0366cc7376be6c9e82a3e9cc8987b64f '   itemscope=\"itemscope\" itemtype=\"https:\/\/schema.org\/CreativeWork\" ><div class='avia_textblock'  itemprop=\"text\" ><p>Das A4 Fotobuch mit 176 Seiten, ca. 900 Bildern ist hochwertig matt gedruckt und mit einem Hardcover Einband gebunden. Das Fotobuch \u201eAbenteuer Angeln 2016\u201c kostet inkl. Versandkosten \u20ac 114,80. Als Variante kann das Buch auch mit einem Braunen oder Schwarzem Echtleder Einband um \u20ac 152,00 geliefert werden.<\/p>\n<div  class='avia-button-wrap av-av_button-9d9f89831dfae97ad534d6d159c799f8-wrap avia-button-center  avia-builder-el-6  avia-builder-el-no-sibling '><a href='http:\/\/www.abenteuerangeln.at\/wordpress\/contact\/'  class='avia-button av-av_button-9d9f89831dfae97ad534d6d159c799f8 av-link-btn avia-icon_select-yes-right-icon avia-size-small avia-position-center av-icon-on-hover avia-color-theme-color'   aria-label=\"Bestellen\"><span class='avia_iconbox_title' >Bestellen<\/span><span class='avia_button_icon avia_button_icon_right avia-iconfont avia-font-entypo-fontello' data-av_icon='\ue836' data-av_iconfont='entypo-fontello' ><\/span><\/a><\/div>\n<\/div><\/section><\/p>\n","protected":false},"excerpt":{"rendered":"","protected":false},"author":1,"featured_media":0,"parent":31,"menu_order":0,"comment_status":"closed","ping_status":"closed","template":"","meta":{"footnotes":""},"class_list":["post-496","page","type-page","status-publish","hentry"],"yoast_head":"<!-- This site is optimized with the Yoast SEO plugin v27.4 - https:\/\/yoast.com\/product\/yoast-seo-wordpress\/ -->\n<title>Fotobuch Abenteuer Angeln - Abenteuerangeln<\/title>\n<meta name=\"description\" content=\"Das Fotobuch zum Erlebniscamp Abenteuer Angeln 2016.\" \/>\n<meta name=\"robots\" content=\"index, follow, max-snippet:-1, max-image-preview:large, max-video-preview:-1\" \/>\n<link rel=\"canonical\" href=\"http:\/\/www.abenteuerangeln.at\/wordpress\/angelkurse-2\/fotobuch-abenteuer-angeln\/\" \/>\n<meta property=\"og:locale\" content=\"de_DE\" \/>\n<meta property=\"og:type\" content=\"article\" \/>\n<meta property=\"og:title\" content=\"Fotobuch Abenteuer Angeln - Abenteuerangeln\" \/>\n<meta property=\"og:description\" content=\"Das Fotobuch zum Erlebniscamp Abenteuer Angeln 2016.\" \/>\n<meta property=\"og:url\" content=\"http:\/\/www.abenteuerangeln.at\/wordpress\/angelkurse-2\/fotobuch-abenteuer-angeln\/\" \/>\n<meta property=\"og:site_name\" content=\"Abenteuerangeln\" \/>\n<meta property=\"article:publisher\" content=\"http:\/\/www.facebook.com\/freweinreinhard\/abenteuerangeln\/\" \/>\n<meta property=\"article:modified_time\" content=\"2016-10-25T14:40:38+00:00\" \/>\n<meta name=\"twitter:card\" content=\"summary_large_image\" \/>\n<meta name=\"twitter:label1\" content=\"Gesch\u00e4tzte Lesezeit\" \/>\n\t<meta name=\"twitter:data1\" content=\"2\u00a0Minuten\" \/>\n<script type=\"application\/ld+json\" class=\"yoast-schema-graph\">{\"@context\":\"https:\\\/\\\/schema.org\",\"@graph\":[{\"@type\":\"WebPage\",\"@id\":\"http:\\\/\\\/www.abenteuerangeln.at\\\/wordpress\\\/angelkurse-2\\\/fotobuch-abenteuer-angeln\\\/\",\"url\":\"http:\\\/\\\/www.abenteuerangeln.at\\\/wordpress\\\/angelkurse-2\\\/fotobuch-abenteuer-angeln\\\/\",\"name\":\"Fotobuch Abenteuer Angeln - Abenteuerangeln\",\"isPartOf\":{\"@id\":\"http:\\\/\\\/www.abenteuerangeln.at\\\/wordpress\\\/#website\"},\"datePublished\":\"2015-10-15T14:50:55+00:00\",\"dateModified\":\"2016-10-25T14:40:38+00:00\",\"description\":\"Das Fotobuch zum Erlebniscamp Abenteuer Angeln 2016.\",\"breadcrumb\":{\"@id\":\"http:\\\/\\\/www.abenteuerangeln.at\\\/wordpress\\\/angelkurse-2\\\/fotobuch-abenteuer-angeln\\\/#breadcrumb\"},\"inLanguage\":\"de\",\"potentialAction\":[{\"@type\":\"ReadAction\",\"target\":[\"http:\\\/\\\/www.abenteuerangeln.at\\\/wordpress\\\/angelkurse-2\\\/fotobuch-abenteuer-angeln\\\/\"]}]},{\"@type\":\"BreadcrumbList\",\"@id\":\"http:\\\/\\\/www.abenteuerangeln.at\\\/wordpress\\\/angelkurse-2\\\/fotobuch-abenteuer-angeln\\\/#breadcrumb\",\"itemListElement\":[{\"@type\":\"ListItem\",\"position\":1,\"name\":\"Startseite\",\"item\":\"http:\\\/\\\/www.abenteuerangeln.at\\\/wordpress\\\/\"},{\"@type\":\"ListItem\",\"position\":2,\"name\":\"Angelkurse\",\"item\":\"http:\\\/\\\/www.abenteuerangeln.at\\\/wordpress\\\/angelkurse-2\\\/\"},{\"@type\":\"ListItem\",\"position\":3,\"name\":\"Fotobuch Abenteuer Angeln\"}]},{\"@type\":\"WebSite\",\"@id\":\"http:\\\/\\\/www.abenteuerangeln.at\\\/wordpress\\\/#website\",\"url\":\"http:\\\/\\\/www.abenteuerangeln.at\\\/wordpress\\\/\",\"name\":\"Abenteuerangeln\",\"description\":\"Erlebniscamp Abenteuer Angeln, Zeltlager\",\"publisher\":{\"@id\":\"http:\\\/\\\/www.abenteuerangeln.at\\\/wordpress\\\/#organization\"},\"potentialAction\":[{\"@type\":\"SearchAction\",\"target\":{\"@type\":\"EntryPoint\",\"urlTemplate\":\"http:\\\/\\\/www.abenteuerangeln.at\\\/wordpress\\\/?s={search_term_string}\"},\"query-input\":{\"@type\":\"PropertyValueSpecification\",\"valueRequired\":true,\"valueName\":\"search_term_string\"}}],\"inLanguage\":\"de\"},{\"@type\":\"Organization\",\"@id\":\"http:\\\/\\\/www.abenteuerangeln.at\\\/wordpress\\\/#organization\",\"name\":\"Erlebniscamp Abenteuer Angeln\",\"url\":\"http:\\\/\\\/www.abenteuerangeln.at\\\/wordpress\\\/\",\"logo\":{\"@type\":\"ImageObject\",\"inLanguage\":\"de\",\"@id\":\"http:\\\/\\\/www.abenteuerangeln.at\\\/wordpress\\\/#\\\/schema\\\/logo\\\/image\\\/\",\"url\":\"http:\\\/\\\/www.abenteuerangeln.at\\\/wordpress\\\/wp-content\\\/uploads\\\/2025\\\/01\\\/aa_logo-1.png\",\"contentUrl\":\"http:\\\/\\\/www.abenteuerangeln.at\\\/wordpress\\\/wp-content\\\/uploads\\\/2025\\\/01\\\/aa_logo-1.png\",\"width\":340,\"height\":156,\"caption\":\"Erlebniscamp Abenteuer Angeln\"},\"image\":{\"@id\":\"http:\\\/\\\/www.abenteuerangeln.at\\\/wordpress\\\/#\\\/schema\\\/logo\\\/image\\\/\"},\"sameAs\":[\"http:\\\/\\\/www.facebook.com\\\/freweinreinhard\\\/abenteuerangeln\\\/\",\"https:\\\/\\\/www.instagram.com\\\/abenteuerangeln_kurse\\\/\"]}]}<\/script>\n<!-- \/ Yoast SEO plugin. -->","yoast_head_json":{"title":"Fotobuch Abenteuer Angeln - Abenteuerangeln","description":"Das Fotobuch zum Erlebniscamp Abenteuer Angeln 2016.","robots":{"index":"index","follow":"follow","max-snippet":"max-snippet:-1","max-image-preview":"max-image-preview:large","max-video-preview":"max-video-preview:-1"},"canonical":"http:\/\/www.abenteuerangeln.at\/wordpress\/angelkurse-2\/fotobuch-abenteuer-angeln\/","og_locale":"de_DE","og_type":"article","og_title":"Fotobuch Abenteuer Angeln - Abenteuerangeln","og_description":"Das Fotobuch zum Erlebniscamp Abenteuer Angeln 2016.","og_url":"http:\/\/www.abenteuerangeln.at\/wordpress\/angelkurse-2\/fotobuch-abenteuer-angeln\/","og_site_name":"Abenteuerangeln","article_publisher":"http:\/\/www.facebook.com\/freweinreinhard\/abenteuerangeln\/","article_modified_time":"2016-10-25T14:40:38+00:00","twitter_card":"summary_large_image","twitter_misc":{"Gesch\u00e4tzte Lesezeit":"2\u00a0Minuten"},"schema":{"@context":"https:\/\/schema.org","@graph":[{"@type":"WebPage","@id":"http:\/\/www.abenteuerangeln.at\/wordpress\/angelkurse-2\/fotobuch-abenteuer-angeln\/","url":"http:\/\/www.abenteuerangeln.at\/wordpress\/angelkurse-2\/fotobuch-abenteuer-angeln\/","name":"Fotobuch Abenteuer Angeln - Abenteuerangeln","isPartOf":{"@id":"http:\/\/www.abenteuerangeln.at\/wordpress\/#website"},"datePublished":"2015-10-15T14:50:55+00:00","dateModified":"2016-10-25T14:40:38+00:00","description":"Das Fotobuch zum Erlebniscamp Abenteuer Angeln 2016.","breadcrumb":{"@id":"http:\/\/www.abenteuerangeln.at\/wordpress\/angelkurse-2\/fotobuch-abenteuer-angeln\/#breadcrumb"},"inLanguage":"de","potentialAction":[{"@type":"ReadAction","target":["http:\/\/www.abenteuerangeln.at\/wordpress\/angelkurse-2\/fotobuch-abenteuer-angeln\/"]}]},{"@type":"BreadcrumbList","@id":"http:\/\/www.abenteuerangeln.at\/wordpress\/angelkurse-2\/fotobuch-abenteuer-angeln\/#breadcrumb","itemListElement":[{"@type":"ListItem","position":1,"name":"Startseite","item":"http:\/\/www.abenteuerangeln.at\/wordpress\/"},{"@type":"ListItem","position":2,"name":"Angelkurse","item":"http:\/\/www.abenteuerangeln.at\/wordpress\/angelkurse-2\/"},{"@type":"ListItem","position":3,"name":"Fotobuch Abenteuer Angeln"}]},{"@type":"WebSite","@id":"http:\/\/www.abenteuerangeln.at\/wordpress\/#website","url":"http:\/\/www.abenteuerangeln.at\/wordpress\/","name":"Abenteuerangeln","description":"Erlebniscamp Abenteuer Angeln, Zeltlager","publisher":{"@id":"http:\/\/www.abenteuerangeln.at\/wordpress\/#organization"},"potentialAction":[{"@type":"SearchAction","target":{"@type":"EntryPoint","urlTemplate":"http:\/\/www.abenteuerangeln.at\/wordpress\/?s={search_term_string}"},"query-input":{"@type":"PropertyValueSpecification","valueRequired":true,"valueName":"search_term_string"}}],"inLanguage":"de"},{"@type":"Organization","@id":"http:\/\/www.abenteuerangeln.at\/wordpress\/#organization","name":"Erlebniscamp Abenteuer Angeln","url":"http:\/\/www.abenteuerangeln.at\/wordpress\/","logo":{"@type":"ImageObject","inLanguage":"de","@id":"http:\/\/www.abenteuerangeln.at\/wordpress\/#\/schema\/logo\/image\/","url":"http:\/\/www.abenteuerangeln.at\/wordpress\/wp-content\/uploads\/2025\/01\/aa_logo-1.png","contentUrl":"http:\/\/www.abenteuerangeln.at\/wordpress\/wp-content\/uploads\/2025\/01\/aa_logo-1.png","width":340,"height":156,"caption":"Erlebniscamp Abenteuer Angeln"},"image":{"@id":"http:\/\/www.abenteuerangeln.at\/wordpress\/#\/schema\/logo\/image\/"},"sameAs":["http:\/\/www.facebook.com\/freweinreinhard\/abenteuerangeln\/","https:\/\/www.instagram.com\/abenteuerangeln_kurse\/"]}]}},"_links":{"self":[{"href":"http:\/\/www.abenteuerangeln.at\/wordpress\/wp-json\/wp\/v2\/pages\/496","targetHints":{"allow":["GET"]}}],"collection":[{"href":"http:\/\/www.abenteuerangeln.at\/wordpress\/wp-json\/wp\/v2\/pages"}],"about":[{"href":"http:\/\/www.abenteuerangeln.at\/wordpress\/wp-json\/wp\/v2\/types\/page"}],"author":[{"embeddable":true,"href":"http:\/\/www.abenteuerangeln.at\/wordpress\/wp-json\/wp\/v2\/users\/1"}],"replies":[{"embeddable":true,"href":"http:\/\/www.abenteuerangeln.at\/wordpress\/wp-json\/wp\/v2\/comments?post=496"}],"version-history":[{"count":24,"href":"http:\/\/www.abenteuerangeln.at\/wordpress\/wp-json\/wp\/v2\/pages\/496\/revisions"}],"predecessor-version":[{"id":1797,"href":"http:\/\/www.abenteuerangeln.at\/wordpress\/wp-json\/wp\/v2\/pages\/496\/revisions\/1797"}],"up":[{"embeddable":true,"href":"http:\/\/www.abenteuerangeln.at\/wordpress\/wp-json\/wp\/v2\/pages\/31"}],"wp:attachment":[{"href":"http:\/\/www.abenteuerangeln.at\/wordpress\/wp-json\/wp\/v2\/media?parent=496"}],"curies":[{"name":"wp","href":"https:\/\/api.w.org\/{rel}","templated":true}]}}